{"id":512,"date":"2022-09-16T02:30:08","date_gmt":"2022-09-16T02:30:08","guid":{"rendered":"https:\/\/imagendeoro.com\/?page_id=512"},"modified":"2025-03-09T16:14:18","modified_gmt":"2025-03-09T16:14:18","slug":"votaciones","status":"publish","type":"page","link":"https:\/\/imagendeoro.com\/?page_id=512","title":{"rendered":"Votaciones"},"content":{"rendered":"\n<p><strong>\u00a1Tu voz cuenta! Participa en nuestra votaci\u00f3n de los Premios Imagen de Oro<\/strong><\/p>\n\n\n\n<p>En los Premios Imagen de Oro, valoramos tu opini\u00f3n y queremos que tu voz sea escuchada. Es por eso que te invitamos a participar en nuestra votaci\u00f3n virtual que se llevar\u00e1 a cabo a trav\u00e9s de nuestra p\u00e1gina web.<\/p>\n\n\n\n<p>La votaci\u00f3n es muy f\u00e1cil y solo tomar\u00e1 unos minutos de tu tiempo. Simplemente <a href=\"https:\/\/docs.google.com\/forms\/d\/e\/1FAIpQLSfn9OPGzGVu4bZKq_pjcV9z6r56OwZ-0q24CjTziMOfGpi5dA\/viewform\"><mark style=\"background-color:rgba(0, 0, 0, 0);color:#ffd500\" class=\"has-inline-color\">visita la encuesta aqu\u00ed<\/mark><\/a> y sigue las instrucciones para votar a los ganadores de la siguiente edici\u00f3n de los premios.<\/p>\n\n\n\n<p>Tu participaci\u00f3n es importante para nosotros, ya que nos ayudar\u00e1 a tomar decisiones importantes y a mejorar nuestros premios. Adem\u00e1s, al participar en la votaci\u00f3n, tendr\u00e1s la oportunidad de influir en la pr\u00f3xima edici\u00f3n.<\/p>\n\n\n\n<p>No pierdas la oportunidad de hacer o\u00edr tu voz. \u00a1Participa en nuestra votaci\u00f3n virtual hoy mismo!<\/p>\n\n\n\n<p>Si tienes alguna pregunta o necesitas ayuda para votar, no dudes en contactarnos a trav\u00e9s de <a href=\"mailto:la.imagendeoro@gmail.com\">la.imagendeoro@gmail.com<\/a> o nuestro whatsapp que puedes encontrar en nuestra web.<\/p>\n\n\n\n<p>\u00a1Gracias por tu tiempo y esperamos contar con tu participaci\u00f3n!<\/p>\n\n\n\n<a href=\"https:\/\/docs.google.com\/forms\/d\/e\/1FAIpQLSfn9OPGzGVu4bZKq_pjcV9z6r56OwZ-0q24CjTziMOfGpi5dA\/viewform\" class=\"boton-dorado\">ACCEDE A LA ENCUESTA<\/a>\n\n<style>\n    .boton-dorado {\n        display: inline-block;\n        background-color: #FFD700; \/* Color dorado *\/\n        color: #fff; \/* Color del texto *\/\n        padding: 10px 20px; \/* Espaciado interno del bot\u00f3n *\/\n        text-decoration: none; \/* Quitar subrayado del enlace *\/\n        border: none; \/* Quitar bordes *\/\n        border-radius: 5px; \/* Bordes redondeados *\/\n        font-weight: bold; \/* Texto en negrita *\/\n    }\n\n    .boton-dorado:hover,\n    .boton-dorado:active {\n        color: #fff; \/* Mantener el color del texto blanco al pasar el mouse o hacer clic *\/\n    }\n<\/style>\n","protected":false},"excerpt":{"rendered":"<p>\u00a1Tu voz cuenta! Participa en nuestra votaci\u00f3n de los Premios Imagen de Oro En los Premios Imagen de Oro, valoramos tu opini\u00f3n y queremos que tu voz sea escuchada. Es por eso que te invitamos a participar en nuestra votaci\u00f3n virtual que se llevar\u00e1 a cabo a trav\u00e9s de nuestra p\u00e1gina web. La votaci\u00f3n es [&hellip;]<\/p>\n","protected":false},"author":1,"featured_media":0,"parent":0,"menu_order":0,"comment_status":"closed","ping_status":"closed","template":"","meta":{"om_disable_all_campaigns":false,"_monsterinsights_skip_tracking":false,"_monsterinsights_sitenote_active":false,"_monsterinsights_sitenote_note":"","_monsterinsights_sitenote_category":0},"_links":{"self":[{"href":"https:\/\/imagendeoro.com\/index.php?rest_route=\/wp\/v2\/pages\/512"}],"collection":[{"href":"https:\/\/imagendeoro.com\/index.php?rest_route=\/wp\/v2\/pages"}],"about":[{"href":"https:\/\/imagendeoro.com\/index.php?rest_route=\/wp\/v2\/types\/page"}],"author":[{"embeddable":true,"href":"https:\/\/imagendeoro.com\/index.php?rest_route=\/wp\/v2\/users\/1"}],"replies":[{"embeddable":true,"href":"https:\/\/imagendeoro.com\/index.php?rest_route=%2Fwp%2Fv2%2Fcomments&post=512"}],"version-history":[{"count":10,"href":"https:\/\/imagendeoro.com\/index.php?rest_route=\/wp\/v2\/pages\/512\/revisions"}],"predecessor-version":[{"id":793,"href":"https:\/\/imagendeoro.com\/index.php?rest_route=\/wp\/v2\/pages\/512\/revisions\/793"}],"wp:attachment":[{"href":"https:\/\/imagendeoro.com\/index.php?rest_route=%2Fwp%2Fv2%2Fmedia&parent=512"}],"curies":[{"name":"wp","href":"https:\/\/api.w.org\/{rel}","templated":true}]}}